{"id":428,"date":"2024-09-12T15:15:35","date_gmt":"2024-09-12T13:15:35","guid":{"rendered":"https:\/\/pasateaserrano.com\/elcolorestaenelinterior\/?page_id=428"},"modified":"2024-09-25T09:53:34","modified_gmt":"2024-09-25T07:53:34","slug":"pizza-dados-jamon","status":"publish","type":"page","link":"https:\/\/pasateaserrano.com\/elcolorestaenelinterior\/pizza-dados-jamon\/","title":{"rendered":"Pizza con Dados de Jam\u00f3n Cocido"},"content":{"rendered":"\t\t<div data-elementor-type=\"wp-page\" data-elementor-id=\"428\" class=\"elementor elementor-428\" data-elementor-post-type=\"page\">\n\t\t\t\t<div class=\"elementor-element elementor-element-dbb8139 e-con-full e-flex e-con e-parent\" data-id=\"dbb8139\" data-element_type=\"container\">\n\t\t<div class=\"elementor-element elementor-element-e70fd92 e-con-full e-flex e-con e-child\" data-id=\"e70fd92\" data-element_type=\"container\" data-settings=\"{&quot;background_background&quot;:&quot;classic&quot;}\">\n\t\t\t\t<div class=\"elementor-element elementor-element-2fb15a6 elementor-invisible elementor-widget elementor-widget-heading\" data-id=\"2fb15a6\" data-element_type=\"widget\" data-settings=\"{&quot;_animation&quot;:&quot;fadeInUp&quot;}\" data-widget_type=\"heading.default\">\n\t\t\t\t<div class=\"elementor-widget-container\">\n\t\t\t\t\t<h2 class=\"elementor-heading-title elementor-size-default\">Pizza con Dados de Jam\u00f3n Cocido<\/h2>\t\t\t\t<\/div>\n\t\t\t\t<\/div>\n\t\t\t\t<div class=\"elementor-element elementor-element-0d2d35b e-transform elementor-invisible elementor-widget elementor-widget-button\" data-id=\"0d2d35b\" data-element_type=\"widget\" data-settings=\"{&quot;_animation&quot;:&quot;fadeInLeft&quot;,&quot;_transform_rotateZ_effect&quot;:{&quot;unit&quot;:&quot;px&quot;,&quot;size&quot;:5,&quot;sizes&quot;:[]},&quot;_transform_rotateZ_effect_tablet&quot;:{&quot;unit&quot;:&quot;deg&quot;,&quot;size&quot;:&quot;&quot;,&quot;sizes&quot;:[]},&quot;_transform_rotateZ_effect_mobile&quot;:{&quot;unit&quot;:&quot;deg&quot;,&quot;size&quot;:&quot;&quot;,&quot;sizes&quot;:[]}}\" data-widget_type=\"button.default\">\n\t\t\t\t<div class=\"elementor-widget-container\">\n\t\t\t\t\t\t\t\t\t<div class=\"elementor-button-wrapper\">\n\t\t\t\t\t<a class=\"elementor-button elementor-button-link elementor-size-sm\" href=\"#receta-1\">\n\t\t\t\t\t\t<span class=\"elementor-button-content-wrapper\">\n\t\t\t\t\t\t\t\t\t<span class=\"elementor-button-text\">Ver Receta<\/span>\n\t\t\t\t\t<\/span>\n\t\t\t\t\t<\/a>\n\t\t\t\t<\/div>\n\t\t\t\t\t\t\t\t<\/div>\n\t\t\t\t<\/div>\n\t\t\t\t<\/div>\n\t\t<div class=\"elementor-element elementor-element-d8ac37c e-flex e-con-boxed e-con e-child\" data-id=\"d8ac37c\" data-element_type=\"container\">\n\t\t\t\t\t<div class=\"e-con-inner\">\n\t\t\t\t<div class=\"elementor-element elementor-element-32c6d34 elementor-widget elementor-widget-image\" data-id=\"32c6d34\" data-element_type=\"widget\" data-widget_type=\"image.default\">\n\t\t\t\t<div class=\"elementor-widget-container\">\n\t\t\t\t\t\t\t\t\t\t\t\t\t\t\t<img fetchpriority=\"high\" decoding=\"async\" width=\"1075\" height=\"1350\" src=\"https:\/\/pasateaserrano.com\/elcolorestaenelinterior\/wp-content\/uploads\/2024\/09\/pizza-e1727250042343.jpg\" class=\"attachment-full size-full wp-image-78\" alt=\"\" srcset=\"https:\/\/pasateaserrano.com\/elcolorestaenelinterior\/wp-content\/uploads\/2024\/09\/pizza-e1727250042343.jpg 1075w, https:\/\/pasateaserrano.com\/elcolorestaenelinterior\/wp-content\/uploads\/2024\/09\/pizza-e1727250042343-239x300.jpg 239w, https:\/\/pasateaserrano.com\/elcolorestaenelinterior\/wp-content\/uploads\/2024\/09\/pizza-e1727250042343-815x1024.jpg 815w, https:\/\/pasateaserrano.com\/elcolorestaenelinterior\/wp-content\/uploads\/2024\/09\/pizza-e1727250042343-768x964.jpg 768w\" sizes=\"(max-width: 1075px) 100vw, 1075px\" \/>\t\t\t\t\t\t\t\t\t\t\t\t\t\t\t<\/div>\n\t\t\t\t<\/div>\n\t\t\t\t\t<\/div>\n\t\t\t\t<\/div>\n\t\t\t\t<\/div>\n\t\t<div class=\"elementor-element elementor-element-85a3483 e-con-full e-flex e-con e-parent\" data-id=\"85a3483\" data-element_type=\"container\" id=\"receta-1\" data-settings=\"{&quot;background_background&quot;:&quot;classic&quot;}\">\n\t\t<div class=\"elementor-element elementor-element-5c4163a e-con-full e-flex e-con e-child\" data-id=\"5c4163a\" data-element_type=\"container\">\n\t\t<div class=\"elementor-element elementor-element-38321ec e-con-full e-flex e-con e-child\" data-id=\"38321ec\" data-element_type=\"container\">\n\t\t\t\t<div class=\"elementor-element elementor-element-66d85c0 elementor-widget elementor-widget-heading\" data-id=\"66d85c0\" data-element_type=\"widget\" data-widget_type=\"heading.default\">\n\t\t\t\t<div class=\"elementor-widget-container\">\n\t\t\t\t\t<h2 class=\"elementor-heading-title elementor-size-default\">Ingredientes<\/h2>\t\t\t\t<\/div>\n\t\t\t\t<\/div>\n\t\t\t\t<div class=\"elementor-element elementor-element-6dd95b2 elementor-widget elementor-widget-heading\" data-id=\"6dd95b2\" data-element_type=\"widget\" data-widget_type=\"heading.default\">\n\t\t\t\t<div class=\"elementor-widget-container\">\n\t\t\t\t\t<h2 class=\"elementor-heading-title elementor-size-default\">Para la masa:<\/h2>\t\t\t\t<\/div>\n\t\t\t\t<\/div>\n\t\t\t\t<div class=\"elementor-element elementor-element-2ac96a3 elementor-widget elementor-widget-text-editor\" data-id=\"2ac96a3\" data-element_type=\"widget\" data-widget_type=\"text-editor.default\">\n\t\t\t\t<div class=\"elementor-widget-container\">\n\t\t\t\t\t\t\t\t\t<p>250 g de harina de fuerza<\/p><p>8 g de levadura fresca de panadero<\/p><p>160 ml de agua (aprox.)<\/p><p>5 g de sal<\/p><p>10 ml de aceite de oliva virgen extra<\/p>\t\t\t\t\t\t\t\t<\/div>\n\t\t\t\t<\/div>\n\t\t\t\t<div class=\"elementor-element elementor-element-03ac4a4 elementor-widget elementor-widget-heading\" data-id=\"03ac4a4\" data-element_type=\"widget\" data-widget_type=\"heading.default\">\n\t\t\t\t<div class=\"elementor-widget-container\">\n\t\t\t\t\t<h2 class=\"elementor-heading-title elementor-size-default\">Para la cobertura:<\/h2>\t\t\t\t<\/div>\n\t\t\t\t<\/div>\n\t\t\t\t<div class=\"elementor-element elementor-element-07018f9 elementor-widget elementor-widget-text-editor\" data-id=\"07018f9\" data-element_type=\"widget\" data-widget_type=\"text-editor.default\">\n\t\t\t\t<div class=\"elementor-widget-container\">\n\t\t\t\t\t\t\t\t\t<p>200 g de tomate triturado<\/p><p>Una pizca de sal<\/p><p>Champi\u00f1ones laminados<\/p><p>Tomates cherry<\/p><p>Queso mozzarella<\/p><p>Hojas de albahaca picada<\/p><p>1 pack de Dados de Jam\u00f3n Cocido de <strong>Serrano<\/strong><\/p><p>Aceite de oliva virgen extra<\/p>\t\t\t\t\t\t\t\t<\/div>\n\t\t\t\t<\/div>\n\t\t\t\t<\/div>\n\t\t<div class=\"elementor-element elementor-element-40169fa e-con-full e-flex e-con e-child\" data-id=\"40169fa\" data-element_type=\"container\" data-settings=\"{&quot;background_background&quot;:&quot;classic&quot;}\">\n\t\t\t\t<div class=\"elementor-element elementor-element-8fbb09f elementor-widget elementor-widget-heading\" data-id=\"8fbb09f\" data-element_type=\"widget\" data-widget_type=\"heading.default\">\n\t\t\t\t<div class=\"elementor-widget-container\">\n\t\t\t\t\t<h2 class=\"elementor-heading-title elementor-size-default\">Elaboraci\u00f3n<\/h2>\t\t\t\t<\/div>\n\t\t\t\t<\/div>\n\t\t\t\t<div class=\"elementor-element elementor-element-4bbced0 elementor-widget elementor-widget-text-editor\" data-id=\"4bbced0\" data-element_type=\"widget\" data-widget_type=\"text-editor.default\">\n\t\t\t\t<div class=\"elementor-widget-container\">\n\t\t\t\t\t\t\t\t\t<ol><li>En un bol grande, coloca la harina.<\/li><li>Disuelve la levadura fresca en 30 ml de agua templada y a\u00f1ade a la harina junto con 130 ml de agua a temperatura ambiente.<\/li><li>Agrega la sal y el aceite de oliva. Amasa durante 5 minutos hasta obtener una masa lisa.<\/li><li>Deja reposar la masa 15 minutos, unt\u00e1ndola previamente con un poco de aceite de oliva.<\/li><li>Estira la masa sobre una superficie enharinada con ayuda de un rodillo y col\u00f3cala sobre una bandeja de horno con papel vegetal. D\u00e9jala reposar 10 minutos.<\/li><li>Unta la masa con el tomate triturado mezclado con una pizca de sal.<\/li><li>A\u00f1ade los champi\u00f1ones laminados, los tomates cherry, el queso mozzarella en pellizcos y los dados de jam\u00f3n.<\/li><li>Hornea en un horno precalentado a 200 \u00b0C durante 15 minutos.<\/li><li>Al sacar del horno, espolvorea con albahaca picada y a\u00f1ade un chorrito de aceite antes de servir.<\/li><\/ol>\t\t\t\t\t\t\t\t<\/div>\n\t\t\t\t<\/div>\n\t\t\t\t<\/div>\n\t\t\t\t<\/div>\n\t\t<div class=\"elementor-element elementor-element-1c97ad8 e-con-full e-flex e-con e-child\" data-id=\"1c97ad8\" data-element_type=\"container\" data-settings=\"{&quot;sticky&quot;:&quot;top&quot;,&quot;sticky_offset&quot;:50,&quot;sticky_parent&quot;:&quot;yes&quot;,&quot;sticky_on&quot;:[&quot;desktop&quot;,&quot;tablet&quot;,&quot;mobile&quot;],&quot;sticky_effects_offset&quot;:0}\">\n\t\t<div class=\"elementor-element elementor-element-44b626d e-con-full e-flex e-con e-child\" data-id=\"44b626d\" data-element_type=\"container\">\n\t\t\t\t<div class=\"elementor-element elementor-element-e8e4700 e-transform e-transform e-transform e-transform elementor-widget elementor-widget-image\" data-id=\"e8e4700\" data-element_type=\"widget\" data-settings=\"{&quot;_transform_rotateZ_effect&quot;:{&quot;unit&quot;:&quot;px&quot;,&quot;size&quot;:10,&quot;sizes&quot;:[]},&quot;_transform_scale_effect&quot;:{&quot;unit&quot;:&quot;px&quot;,&quot;size&quot;:1,&quot;sizes&quot;:[]},&quot;_transform_rotateZ_effect_hover&quot;:{&quot;unit&quot;:&quot;px&quot;,&quot;size&quot;:-15,&quot;sizes&quot;:[]},&quot;_transform_scale_effect_hover&quot;:{&quot;unit&quot;:&quot;px&quot;,&quot;size&quot;:1.2,&quot;sizes&quot;:[]},&quot;_transform_rotateZ_effect_tablet&quot;:{&quot;unit&quot;:&quot;deg&quot;,&quot;size&quot;:&quot;&quot;,&quot;sizes&quot;:[]},&quot;_transform_rotateZ_effect_mobile&quot;:{&quot;unit&quot;:&quot;deg&quot;,&quot;size&quot;:&quot;&quot;,&quot;sizes&quot;:[]},&quot;_transform_scale_effect_tablet&quot;:{&quot;unit&quot;:&quot;px&quot;,&quot;size&quot;:&quot;&quot;,&quot;sizes&quot;:[]},&quot;_transform_scale_effect_mobile&quot;:{&quot;unit&quot;:&quot;px&quot;,&quot;size&quot;:&quot;&quot;,&quot;sizes&quot;:[]},&quot;_transform_rotateZ_effect_hover_tablet&quot;:{&quot;unit&quot;:&quot;deg&quot;,&quot;size&quot;:&quot;&quot;,&quot;sizes&quot;:[]},&quot;_transform_rotateZ_effect_hover_mobile&quot;:{&quot;unit&quot;:&quot;deg&quot;,&quot;size&quot;:&quot;&quot;,&quot;sizes&quot;:[]},&quot;_transform_scale_effect_hover_tablet&quot;:{&quot;unit&quot;:&quot;px&quot;,&quot;size&quot;:&quot;&quot;,&quot;sizes&quot;:[]},&quot;_transform_scale_effect_hover_mobile&quot;:{&quot;unit&quot;:&quot;px&quot;,&quot;size&quot;:&quot;&quot;,&quot;sizes&quot;:[]}}\" data-widget_type=\"image.default\">\n\t\t\t\t<div class=\"elementor-widget-container\">\n\t\t\t\t\t\t\t\t\t\t\t\t\t\t\t\t<a href=\"https:\/\/pasateaserrano.com\/producto\/dados-de-jamon-cocido\/\">\n\t\t\t\t\t\t\t<img decoding=\"async\" width=\"462\" height=\"520\" src=\"https:\/\/pasateaserrano.com\/elcolorestaenelinterior\/wp-content\/uploads\/2024\/09\/Dados-Jamon-cocido-2.png\" class=\"attachment-large size-large wp-image-470\" alt=\"\" srcset=\"https:\/\/pasateaserrano.com\/elcolorestaenelinterior\/wp-content\/uploads\/2024\/09\/Dados-Jamon-cocido-2.png 462w, https:\/\/pasateaserrano.com\/elcolorestaenelinterior\/wp-content\/uploads\/2024\/09\/Dados-Jamon-cocido-2-267x300.png 267w\" sizes=\"(max-width: 462px) 100vw, 462px\" \/>\t\t\t\t\t\t\t\t<\/a>\n\t\t\t\t\t\t\t\t\t\t\t\t\t\t\t<\/div>\n\t\t\t\t<\/div>\n\t\t\t\t<\/div>\n\t\t\t\t<\/div>\n\t\t\t\t<\/div>\n\t\t\t\t<\/div>\n\t\t","protected":false},"excerpt":{"rendered":"<p>Pizza con Dados de Jam\u00f3n Cocido Ver Receta Ingredientes Para la masa: 250 g de harina de fuerza 8 g de levadura fresca de panadero 160 ml de agua (aprox.) 5 g de sal 10 ml de aceite de oliva virgen extra Para la cobertura: 200 g de tomate triturado Una pizca de sal Champi\u00f1ones [&hellip;]<\/p>\n","protected":false},"author":2,"featured_media":0,"parent":0,"menu_order":0,"comment_status":"closed","ping_status":"closed","template":"","meta":{"footnotes":""},"class_list":["post-428","page","type-page","status-publish","hentry"],"_links":{"self":[{"href":"https:\/\/pasateaserrano.com\/elcolorestaenelinterior\/wp-json\/wp\/v2\/pages\/428","targetHints":{"allow":["GET"]}}],"collection":[{"href":"https:\/\/pasateaserrano.com\/elcolorestaenelinterior\/wp-json\/wp\/v2\/pages"}],"about":[{"href":"https:\/\/pasateaserrano.com\/elcolorestaenelinterior\/wp-json\/wp\/v2\/types\/page"}],"author":[{"embeddable":true,"href":"https:\/\/pasateaserrano.com\/elcolorestaenelinterior\/wp-json\/wp\/v2\/users\/2"}],"replies":[{"embeddable":true,"href":"https:\/\/pasateaserrano.com\/elcolorestaenelinterior\/wp-json\/wp\/v2\/comments?post=428"}],"version-history":[{"count":110,"href":"https:\/\/pasateaserrano.com\/elcolorestaenelinterior\/wp-json\/wp\/v2\/pages\/428\/revisions"}],"predecessor-version":[{"id":1184,"href":"https:\/\/pasateaserrano.com\/elcolorestaenelinterior\/wp-json\/wp\/v2\/pages\/428\/revisions\/1184"}],"wp:attachment":[{"href":"https:\/\/pasateaserrano.com\/elcolorestaenelinterior\/wp-json\/wp\/v2\/media?parent=428"}],"curies":[{"name":"wp","href":"https:\/\/api.w.org\/{rel}","templated":true}]}}