{"id":589,"date":"2024-09-12T16:51:41","date_gmt":"2024-09-12T14:51:41","guid":{"rendered":"https:\/\/pasateaserrano.com\/elcolorestaenelinterior\/?page_id=589"},"modified":"2024-09-25T09:53:12","modified_gmt":"2024-09-25T07:53:12","slug":"pita-pollo-kebab","status":"publish","type":"page","link":"https:\/\/pasateaserrano.com\/elcolorestaenelinterior\/pita-pollo-kebab\/","title":{"rendered":"Pita de Pollo Kebab"},"content":{"rendered":"\t\t<div data-elementor-type=\"wp-page\" data-elementor-id=\"589\" class=\"elementor elementor-589\" data-elementor-post-type=\"page\">\n\t\t\t\t<div class=\"elementor-element elementor-element-dbb8139 e-con-full e-flex e-con e-parent\" data-id=\"dbb8139\" data-element_type=\"container\">\n\t\t<div class=\"elementor-element elementor-element-e70fd92 e-con-full e-flex e-con e-child\" data-id=\"e70fd92\" data-element_type=\"container\" data-settings=\"{&quot;background_background&quot;:&quot;classic&quot;}\">\n\t\t\t\t<div class=\"elementor-element elementor-element-2fb15a6 elementor-invisible elementor-widget elementor-widget-heading\" data-id=\"2fb15a6\" data-element_type=\"widget\" data-settings=\"{&quot;_animation&quot;:&quot;fadeInUp&quot;}\" data-widget_type=\"heading.default\">\n\t\t\t\t<div class=\"elementor-widget-container\">\n\t\t\t\t\t<h2 class=\"elementor-heading-title elementor-size-default\">Pita de Pollo Kebab<\/h2>\t\t\t\t<\/div>\n\t\t\t\t<\/div>\n\t\t\t\t<div class=\"elementor-element elementor-element-0d2d35b e-transform elementor-invisible elementor-widget elementor-widget-button\" data-id=\"0d2d35b\" data-element_type=\"widget\" data-settings=\"{&quot;_animation&quot;:&quot;fadeInLeft&quot;,&quot;_transform_rotateZ_effect&quot;:{&quot;unit&quot;:&quot;px&quot;,&quot;size&quot;:5,&quot;sizes&quot;:[]},&quot;_transform_rotateZ_effect_tablet&quot;:{&quot;unit&quot;:&quot;deg&quot;,&quot;size&quot;:&quot;&quot;,&quot;sizes&quot;:[]},&quot;_transform_rotateZ_effect_mobile&quot;:{&quot;unit&quot;:&quot;deg&quot;,&quot;size&quot;:&quot;&quot;,&quot;sizes&quot;:[]}}\" data-widget_type=\"button.default\">\n\t\t\t\t<div class=\"elementor-widget-container\">\n\t\t\t\t\t\t\t\t\t<div class=\"elementor-button-wrapper\">\n\t\t\t\t\t<a class=\"elementor-button elementor-button-link elementor-size-sm\" href=\"#receta-3\">\n\t\t\t\t\t\t<span class=\"elementor-button-content-wrapper\">\n\t\t\t\t\t\t\t\t\t<span class=\"elementor-button-text\">Ver Receta<\/span>\n\t\t\t\t\t<\/span>\n\t\t\t\t\t<\/a>\n\t\t\t\t<\/div>\n\t\t\t\t\t\t\t\t<\/div>\n\t\t\t\t<\/div>\n\t\t\t\t<\/div>\n\t\t<div class=\"elementor-element elementor-element-d8ac37c e-flex e-con-boxed e-con e-child\" data-id=\"d8ac37c\" data-element_type=\"container\">\n\t\t\t\t\t<div class=\"e-con-inner\">\n\t\t\t\t<div class=\"elementor-element elementor-element-32c6d34 elementor-widget elementor-widget-image\" data-id=\"32c6d34\" data-element_type=\"widget\" data-widget_type=\"image.default\">\n\t\t\t\t<div class=\"elementor-widget-container\">\n\t\t\t\t\t\t\t\t\t\t\t\t\t\t\t<img fetchpriority=\"high\" decoding=\"async\" width=\"1071\" height=\"1350\" src=\"https:\/\/pasateaserrano.com\/elcolorestaenelinterior\/wp-content\/uploads\/2024\/09\/pita-e1727250096892.jpg\" class=\"attachment-full size-full wp-image-77\" alt=\"\" srcset=\"https:\/\/pasateaserrano.com\/elcolorestaenelinterior\/wp-content\/uploads\/2024\/09\/pita-e1727250096892.jpg 1071w, https:\/\/pasateaserrano.com\/elcolorestaenelinterior\/wp-content\/uploads\/2024\/09\/pita-e1727250096892-238x300.jpg 238w, https:\/\/pasateaserrano.com\/elcolorestaenelinterior\/wp-content\/uploads\/2024\/09\/pita-e1727250096892-812x1024.jpg 812w, https:\/\/pasateaserrano.com\/elcolorestaenelinterior\/wp-content\/uploads\/2024\/09\/pita-e1727250096892-768x968.jpg 768w\" sizes=\"(max-width: 1071px) 100vw, 1071px\" \/>\t\t\t\t\t\t\t\t\t\t\t\t\t\t\t<\/div>\n\t\t\t\t<\/div>\n\t\t\t\t\t<\/div>\n\t\t\t\t<\/div>\n\t\t\t\t<\/div>\n\t\t<div class=\"elementor-element elementor-element-85a3483 e-con-full e-flex e-con e-parent\" data-id=\"85a3483\" data-element_type=\"container\" id=\"receta-3\" data-settings=\"{&quot;background_background&quot;:&quot;classic&quot;}\">\n\t\t<div class=\"elementor-element elementor-element-5c4163a e-con-full e-flex e-con e-child\" data-id=\"5c4163a\" data-element_type=\"container\">\n\t\t<div class=\"elementor-element elementor-element-38321ec e-con-full e-flex e-con e-child\" data-id=\"38321ec\" data-element_type=\"container\">\n\t\t\t\t<div class=\"elementor-element elementor-element-6dd95b2 elementor-widget elementor-widget-heading\" data-id=\"6dd95b2\" data-element_type=\"widget\" data-widget_type=\"heading.default\">\n\t\t\t\t<div class=\"elementor-widget-container\">\n\t\t\t\t\t<h2 class=\"elementor-heading-title elementor-size-default\">Ingredientes<\/h2>\t\t\t\t<\/div>\n\t\t\t\t<\/div>\n\t\t\t\t<div class=\"elementor-element elementor-element-2ac96a3 elementor-widget elementor-widget-text-editor\" data-id=\"2ac96a3\" data-element_type=\"widget\" data-widget_type=\"text-editor.default\">\n\t\t\t\t<div class=\"elementor-widget-container\">\n\t\t\t\t\t\t\t\t\t<p>2 panes de pita<\/p>\n<p>1 aguacate<\/p>\n<p>Col morada<\/p>\n<p>1 zanahoria<\/p>\n<p>1 pack de Pollo Kebab de Serrano<\/p>\t\t\t\t\t\t\t\t<\/div>\n\t\t\t\t<\/div>\n\t\t\t\t<\/div>\n\t\t<div class=\"elementor-element elementor-element-40169fa e-con-full e-flex e-con e-child\" data-id=\"40169fa\" data-element_type=\"container\" data-settings=\"{&quot;background_background&quot;:&quot;classic&quot;}\">\n\t\t\t\t<div class=\"elementor-element elementor-element-8fbb09f elementor-widget elementor-widget-heading\" data-id=\"8fbb09f\" data-element_type=\"widget\" data-widget_type=\"heading.default\">\n\t\t\t\t<div class=\"elementor-widget-container\">\n\t\t\t\t\t<h2 class=\"elementor-heading-title elementor-size-default\">Elaboraci\u00f3n<\/h2>\t\t\t\t<\/div>\n\t\t\t\t<\/div>\n\t\t\t\t<div class=\"elementor-element elementor-element-4bbced0 elementor-widget elementor-widget-text-editor\" data-id=\"4bbced0\" data-element_type=\"widget\" data-widget_type=\"text-editor.default\">\n\t\t\t\t<div class=\"elementor-widget-container\">\n\t\t\t\t\t\t\t\t\t<ol><li>Abre las pitas y cali\u00e9ntalas ligeramente.<\/li><li>Lamina el aguacate y corta la col morada y la zanahoria en juliana. Remoja la zanahoria en agua con hielo para que mantenga su textura crujiente. Escurre bien.<\/li><li>Rellena las pitas con el aguacate, la col morada y la zanahoria.<\/li><li>Calienta el Pollo Kebab seg\u00fan las instrucciones del paquete y a\u00f1\u00e1delo a las pitas.<\/li><li>Sirve con la salsa de tu preferencia.<\/li><\/ol>\t\t\t\t\t\t\t\t<\/div>\n\t\t\t\t<\/div>\n\t\t\t\t<\/div>\n\t\t\t\t<\/div>\n\t\t<div class=\"elementor-element elementor-element-1c97ad8 e-con-full e-flex e-con e-child\" data-id=\"1c97ad8\" data-element_type=\"container\" data-settings=\"{&quot;sticky&quot;:&quot;top&quot;,&quot;sticky_offset&quot;:50,&quot;sticky_parent&quot;:&quot;yes&quot;,&quot;sticky_on&quot;:[&quot;desktop&quot;,&quot;tablet&quot;,&quot;mobile&quot;],&quot;sticky_effects_offset&quot;:0}\">\n\t\t<div class=\"elementor-element elementor-element-44b626d e-con-full e-flex e-con e-child\" data-id=\"44b626d\" data-element_type=\"container\">\n\t\t\t\t<div class=\"elementor-element elementor-element-e8e4700 e-transform e-transform e-transform e-transform elementor-widget elementor-widget-image\" data-id=\"e8e4700\" data-element_type=\"widget\" data-settings=\"{&quot;_transform_rotateZ_effect&quot;:{&quot;unit&quot;:&quot;px&quot;,&quot;size&quot;:20,&quot;sizes&quot;:[]},&quot;_transform_scale_effect&quot;:{&quot;unit&quot;:&quot;px&quot;,&quot;size&quot;:1,&quot;sizes&quot;:[]},&quot;_transform_rotateZ_effect_hover&quot;:{&quot;unit&quot;:&quot;px&quot;,&quot;size&quot;:50,&quot;sizes&quot;:[]},&quot;_transform_scale_effect_hover&quot;:{&quot;unit&quot;:&quot;px&quot;,&quot;size&quot;:1.2,&quot;sizes&quot;:[]},&quot;_transform_rotateZ_effect_tablet&quot;:{&quot;unit&quot;:&quot;deg&quot;,&quot;size&quot;:&quot;&quot;,&quot;sizes&quot;:[]},&quot;_transform_rotateZ_effect_mobile&quot;:{&quot;unit&quot;:&quot;deg&quot;,&quot;size&quot;:&quot;&quot;,&quot;sizes&quot;:[]},&quot;_transform_scale_effect_tablet&quot;:{&quot;unit&quot;:&quot;px&quot;,&quot;size&quot;:&quot;&quot;,&quot;sizes&quot;:[]},&quot;_transform_scale_effect_mobile&quot;:{&quot;unit&quot;:&quot;px&quot;,&quot;size&quot;:&quot;&quot;,&quot;sizes&quot;:[]},&quot;_transform_rotateZ_effect_hover_tablet&quot;:{&quot;unit&quot;:&quot;deg&quot;,&quot;size&quot;:&quot;&quot;,&quot;sizes&quot;:[]},&quot;_transform_rotateZ_effect_hover_mobile&quot;:{&quot;unit&quot;:&quot;deg&quot;,&quot;size&quot;:&quot;&quot;,&quot;sizes&quot;:[]},&quot;_transform_scale_effect_hover_tablet&quot;:{&quot;unit&quot;:&quot;px&quot;,&quot;size&quot;:&quot;&quot;,&quot;sizes&quot;:[]},&quot;_transform_scale_effect_hover_mobile&quot;:{&quot;unit&quot;:&quot;px&quot;,&quot;size&quot;:&quot;&quot;,&quot;sizes&quot;:[]}}\" data-widget_type=\"image.default\">\n\t\t\t\t<div class=\"elementor-widget-container\">\n\t\t\t\t\t\t\t\t\t\t\t\t\t\t\t\t<a href=\"https:\/\/pasateaserrano.com\/producto\/pollo-kebab\/\">\n\t\t\t\t\t\t\t<img decoding=\"async\" width=\"800\" height=\"560\" src=\"https:\/\/pasateaserrano.com\/elcolorestaenelinterior\/wp-content\/uploads\/2024\/09\/Pollo-Kebab-1-peq-1024x717.png\" class=\"attachment-large size-large wp-image-472\" alt=\"\" srcset=\"https:\/\/pasateaserrano.com\/elcolorestaenelinterior\/wp-content\/uploads\/2024\/09\/Pollo-Kebab-1-peq-1024x717.png 1024w, https:\/\/pasateaserrano.com\/elcolorestaenelinterior\/wp-content\/uploads\/2024\/09\/Pollo-Kebab-1-peq-300x210.png 300w, https:\/\/pasateaserrano.com\/elcolorestaenelinterior\/wp-content\/uploads\/2024\/09\/Pollo-Kebab-1-peq-768x538.png 768w, https:\/\/pasateaserrano.com\/elcolorestaenelinterior\/wp-content\/uploads\/2024\/09\/Pollo-Kebab-1-peq.png 1100w\" sizes=\"(max-width: 800px) 100vw, 800px\" \/>\t\t\t\t\t\t\t\t<\/a>\n\t\t\t\t\t\t\t\t\t\t\t\t\t\t\t<\/div>\n\t\t\t\t<\/div>\n\t\t\t\t<\/div>\n\t\t\t\t<\/div>\n\t\t\t\t<\/div>\n\t\t\t\t<\/div>\n\t\t","protected":false},"excerpt":{"rendered":"<p>Pita de Pollo Kebab Ver Receta Ingredientes 2 panes de pita 1 aguacate Col morada 1 zanahoria 1 pack de Pollo Kebab de Serrano Elaboraci\u00f3n Abre las pitas y cali\u00e9ntalas ligeramente. Lamina el aguacate y corta la col morada y la zanahoria en juliana. Remoja la zanahoria en agua con hielo para que mantenga su [&hellip;]<\/p>\n","protected":false},"author":2,"featured_media":0,"parent":0,"menu_order":0,"comment_status":"closed","ping_status":"closed","template":"","meta":{"footnotes":""},"class_list":["post-589","page","type-page","status-publish","hentry"],"_links":{"self":[{"href":"https:\/\/pasateaserrano.com\/elcolorestaenelinterior\/wp-json\/wp\/v2\/pages\/589","targetHints":{"allow":["GET"]}}],"collection":[{"href":"https:\/\/pasateaserrano.com\/elcolorestaenelinterior\/wp-json\/wp\/v2\/pages"}],"about":[{"href":"https:\/\/pasateaserrano.com\/elcolorestaenelinterior\/wp-json\/wp\/v2\/types\/page"}],"author":[{"embeddable":true,"href":"https:\/\/pasateaserrano.com\/elcolorestaenelinterior\/wp-json\/wp\/v2\/users\/2"}],"replies":[{"embeddable":true,"href":"https:\/\/pasateaserrano.com\/elcolorestaenelinterior\/wp-json\/wp\/v2\/comments?post=589"}],"version-history":[{"count":31,"href":"https:\/\/pasateaserrano.com\/elcolorestaenelinterior\/wp-json\/wp\/v2\/pages\/589\/revisions"}],"predecessor-version":[{"id":1181,"href":"https:\/\/pasateaserrano.com\/elcolorestaenelinterior\/wp-json\/wp\/v2\/pages\/589\/revisions\/1181"}],"wp:attachment":[{"href":"https:\/\/pasateaserrano.com\/elcolorestaenelinterior\/wp-json\/wp\/v2\/media?parent=589"}],"curies":[{"name":"wp","href":"https:\/\/api.w.org\/{rel}","templated":true}]}}